= c**2 - 7660*c + 1477473. What is t(198)?
-3
Let p(x) = -x**3 - 17*x**2 + 11*x - 703. Give p(-23).
2218
Let t(a) = a**3 + 62*a**2 + 952*a + 554. What is t(-36)?
-22
Let l(w) = -509*w - 11207. Calculate l(-23).
500
Let w(n) = 1902*n - 3918. Calculate w(2).
-114
Let y(w) = -17*w**3 - 865*w**2 + 104*w + 90. Determine y(-51).
-12
Let i(s) = -76*s + 4293. Give i(70).
-1027
Let x(t) = 1829*t - 46653. Calculate x(25).
-928
Let n(r) = 8*r**3 - 330*r**2 - 242*r + 78. Determine n(42).
498
Let d(p) = -1157*p + 1390. Give d(1).
233
Let y(u) = -4*u**2 - 1133*u + 22090. What is y(-301)?
719
Let p(v) = -4*v**2 + 24*v - 1. Determine p(-3).
-109
Let d(c) = -1123*c - 5255. Determine d(-5).
360
Let c(p) = 3655*p + 248656. Give c(-68).
116
Let k(p) = 2*p**2 - 19051*p - 228902. Calculate k(-12).
-2
Let l(c) = 22*c**2 - 33*c - 1041. Determine l(-6).
-51
Let r(p) = -4800*p + 4713. Determine r(1).
-87
Let a(r) = r**2 + 241*r - 15578. Give a(53).
4
Let w(g) = -93*g - 4777. Give w(-46).
-499
Let j(v) = v**3 - 9*v**2 + 1008*v - 9077. What is j(9)?
-5
Let b(z) = 127226*z - 5725174. Calculate b(45).
-4
Let v(d) = -2*d**3 - 142*d**2 - 88*d + 3606. Give v(-70).
-34
Let g(l) = -25*l**2 + 3995*l - 35. Determine g(160).
-835
Let r(q) = -24*q**2 + 134*q + 420. What is r(-3)?
-198
Let f(h) = 402*h + 6485. Determine f(-17).
-349
Let c(p) = 3132*p + 106394. What is c(-34)?
-94
Let f(v) = -v**3 - 9*v**2 + 142*v + 411. What is f(-17)?
309
Let n(c) = -104*c**2 + 5214*c - 63624. Determine n(21).
6
Let b(x) = 52*x**2 - 370*x + 650. What is b(3)?
8
Let f(v) = 5799*v + 701681. Calculate f(-121).
2
Let x(q) = 7621*q + 129389. Calculate x(-17).
-168
Let i(o) = -36*o - 376. Calculate i(-14).
128
Let j(p) = 5197498*p + 36382506. Give j(-7).
20
Let w(u) = 2*u**2 + 260*u - 4706. Calculate w(16).
-34
Let m(f) = 11074*f - 243630. What is m(22)?
-2
Let n(i) = -34*i**2 + 1260*i - 5500. Give n(32).
4
Let w(d) = -5*d**3 + 75*d**2 + 239*d - 4368. Give w(14).
-42
Let d(g) = -g**3 - 9*g**2 + 94*g + 78. Calculate d(-20).
2598
Let l(t) = -t**2 + 6439*t + 109840. Determine l(-17).
88
Let n(d) = 26560*d + 53126. Determine n(-2).
6
Let n(l) = 2*l**3 - 15*l**2 - 50*l + 343. Give n(9).
136
Let b(p) = -3*p**3 - 27*p**2 - 19*p - 264. Calculate b(-9).
-93
Let m(j) = 16*j**3 - 205*j**2 + 116*j + 489. Calculate m(12).
9
Let s(c) = 6568*c**2 + 32841*c - 2. Give s(-5).
-7
Let p(c) = -2*c**3 - 6*c**2 + 137*c + 494. What is p(-14)?
2888
Let x(h) = -2*h**3 - 43*h**2 + 19*h - 11. Give x(-22).
55
Let b(c) = -373*c + 6113. What is b(15)?
518
Let k(w) = 18*w**3 + 116*w**2 - 429*w - 139. Give k(-9).
-4
Let i(d) = 186*d - 5727. Give i(41).
1899
Let i(b) = -4244*b + 127372. Calculate i(30).
52
Let b(f) = -429*f**3 + f**2 + 65*f + 66. What is b(-1)?
431
Let u(r) = -352*r - 36178. Determine u(-101).
-626
Let v(k) = 320375*k - 12174242. Calculate v(38).
8
Let w(x) = 12929*x - 530120. Give w(41).
-31
Let l(w) = -100096*w + 200174. Give l(2).
-18
Let y(q) = -q**2 + 6815*q - 505490. Determine y(75).
10
Let m(t) = -5200*t + 1669212. Calculate m(321).
12
Let l(q) = -117895*q - 707405. Determine l(-6).
-35
Let j(r) = -r**3 + 6*r**2 + 1081*r - 93. Calculate j(36).
-57
Let v(w) = w**3 - 3*w**2 + 2052*w + 1317. What is v(0)?
1317
Let n(c) = -4001*c + 876130. Determine n(219).
-89
Let g(k) = -k**3 + 8*k**2 - 454*k + 2188. Give g(5).
-7
Let s(p) = -1736*p - 29494. Calculate s(-17).
18
Let z(v) = v**3 - 43*v**2 - 217*v - 42. Give z(-5).
-157
Let b(s) = s**3 - 1354*s**2 - 5417*s + 7. Determine b(-4).
-53
Let l(m) = -1480*m + 19424. Determine l(13).
184
Let p(t) = 5001*t + 38628. Give p(-8).
-1380
Let f(q) = 3*q**3 + 153*q**2 - 888*q - 2675. Determine f(-56).
13
Let c(f) = -4*f**2 + 38*f + 177. Calculate c(21).
-789
Let c(t) = 2*t**2 - 637*t + 41102. Calculate c(90).
-28
Let o(x) = -3*x**3 - 133*x**2 - 182*x - 452. Give o(-43).
-22
Let i(q) = -1556*q + 54395. Calculate i(35).
-65
Let n(u) = -36*u**3 + 1326*u**2 + 32*u - 237. What is n(37)?
-7267
Let s(n) = -n**3 - 7*n**2 + 315*n - 1327. Determine s(6).
95
Let i(z) = -20861*z + 750934. Calculate i(36).
-62
Let w(s) = 399*s - 156702. Calculate w(393).
105
Let v(y) = 40*y + 2825. What is v(-67)?
145
Let a(t) = -3*t**2 + 31*t - 61. Calculate a(8).
-5
Let c(g) = -12*g**2 + 53*g - 620. Determine c(10).
-1290
Let r(s) = s**3 + 1624*s**2 + 63369*s + 14253. Determine r(-1584).
-3
Let d(c) = 6*c**3 + 2675*c**2 - 446*c + 10. What is d(-446)?
10
Let x(h) = 15*h**2 + 45651*h - 45653. Determine x(1).
13
Let g(z) = -5*z**2 + 5468*z - 185254. What is g(35)?
1
Let k(a) = 2*a**3 + 2121*a**2 - 10640*a - 75. Determine k(5).
0
Let k(n) = 2*n**2 - 1852*n - 24414. Calculate k(-13).
0
Let y(g) = 34*g**2 + 4011*g - 8022. Calculate y(2).
136
Let n(k) = 2*k**3 - 172*k**2 + 1436*k - 64. Give n(9).
386
Let a(h) = 2893*h**2 - 7*h - 882. Calculate a(0).
-882
Let z(b) = 132959*b - 1329586. Calculate z(10).
4
Let b(k) = 163217*k + 13057359. Give b(-80).
-1
Let c(s) = -4*s**3 - 7*s**2 + 4364*s - 8725. Calculate c(2).
-57
Let c(o) = 40458*o - 40460. Determine c(1).
-2
Let g(s) = 2*s**3 + 121*s**2 + 733*s + 7031. Calculate g(-55).
-9
Let x(s) = -46*s**2 - 171*s + 87. What is x(-14)?
-6535
Let h(g) = 1587*g**2 - 63591*g + 4444. Determine h(40).
4
Let j(w) = 2207*w**2 + 13*w. Determine j(-1).
2194
Let q(s) = 4*s**2 - 4496*s + 1242589. Give q(634).
-51
Let j(v) = -68*v - 956. Calculate j(-15).
64
Let m(a) = -227*a**2 - 6366*a - 6367. Give m(-1).
-228
Let s(r) = 2*r**3 - 5*r**2 + 2746*r - 13865. What is s(5)?
-10
Let c(x) = -35363*x + 281397. Determine c(8).
-1507
Let y(f) = 41*f**2 + 87*f - 1. Give y(-6).
953
Let k(g) = -8*g**3 - 190*g**2 - 1438*g - 35671. Determine k(-24).
-7
Let z(l) = 686*l + 18453. Determine z(-26).
617
Let l(c) = -c**3 + 9*c**2 + 8*c - 55. What is l(11)?
-209
Let q(d) = -1805*d - 17859. Determine q(-10).
191
Let d(m) = -4*m**2 + 1812*m + 2035806. Determine d(-522).
6
Let d(q) = 141*q + 26502. What is d(-184)?
558
Let a(d) = 55*d**2 - 1473*d + 6817. What is a(6)?
-41
Let u(p) = p**2 + 14259*p + 355820. Give u(-25).
-30
Let c(i) = 28*i + 486. Give c(-4).
374
Let n(s) = s**3 - 106*s**2 + 1056*s + 1913. What is n(13)?
-76
Let n(q) = 8*q**2 - 4987*q + 39397. What is n(8)?
13
Let k(n) = 683*n - 6119. Calculate k(11).
1394
Let l(p) = -7*p**3 + 66*p**2 - 94*p - 58. Calculate l(2).
-38
Let s(u) = 5*u**2 - 111389*u + 6. Determine s(0).
6
Let r(y) = -2450*y - 10351. Give r(-4).
-551
Let h(z) = -1914*z + 162695. Determine h(85).
5
Let i(f) = f**3 - 286*f**2 - 109866*f + 1260. Give i(-218).
-48
Let n(u) = -u**3 + 8*u**2 + 8*u + 58. Give n(-5).
343
Let x(g) = 33*g**2 + 4752*g + 4715. Determine x(-143).
-4
Let m(a) = 111366*a + 3675169. Give m(-33).
91
Let u(d) = -32*d**2 + 500*d - 4612. Give u(9).
-2704
Let n(a) = 3*a**2 - 238*a + 108. Determine n(72).
-1476
Let o(a) = -598*a**2 + 6596*a - 172. What is o(11)?
26
Let m(z) = 8664*z - 43253. Determine m(5).
67
Let n(f) = 3699*f - 1771. Calculate n(0).
-1771
Let y(r) = -961*r + 1123. Calculate y(2).
-799
Let q(u) = -u**3 - 44*u**2 + 594*u + 339. Give q(-55).
944
Let q(d) = -61703*d - 123472. Calculate q(-2).
-66
Let f(b) = 376*b**2 + 3752*b - 60. Give f(-10).
20
Let h(g) = -2032*g**2 - 16290*g - 249. Determine h(-8).
23
Let k(d) = 427*d + 31703. Determine k(-72).
959
Let o(j) = -2*j**2 - 204*j + 8641. Give o(-134).
65
Let j(n) = -1739*n + 1109505. Determine j(638).
23
Let i(g) = 6*g**3 + 19*g**2 - 43*g - 59. Give i(-7).
-885
Let t(g) = 2*g**2 + 837*g - 118192. What is t(-530)?
-2
Let d(u) = 5*u**2 - 89*u - 579. Determine d(25).
321
Let p(i) = 1540204*i + 4620619. Calculate p(-3).
7
Let b(o) = -2*o**3 + 7*o**2 - 77*o - 666. Give b(-8).
1422
Let d(s) = 14463*s - 2950458. Give d(204).
-6
Let o(b) = -b**3 + 82*b**2 - 396*b + 83. Give o(5).
28
Let h(r) = -102251*r + 2045016. Determine h(20).
-4
Let d(o) = -45372*o + 181422. Calculate d(4).
-66
Let b(v) = 27*v**2 - 348*v + 21. Calculate b(19).
3156
Let f(n) = 10*n**3 - 226*n**2 + 684*n - 8. Give f(19).
-8
Let w(t) = -5*t**2 - 643*t + 2633. What is w(-132)?
389
Let c(r) = 11*r**2 + 103*r - 684. What is c(-12)?
-336
Let h(c) = -128442*c**2 - 3211053*c - 78. What is h(-25)?
-3
Let z(a) = 4652*a**2 - 27905*a - 45. Give z(6).
-3
Let y(u) = -7*u**2 - 198*u + 33698. Give y(-85).
-47
Let s(p) = -5*p**2 + 991*p + 1761. Give s(200).
-39